 is the thousands digit of 747867?
7
What is the hundreds digit of 42236?
2
What is the ten thousands digit of 181234?
8
What is the units digit of 4359852?
2
What is the hundreds digit of 210990?
9
What is the units digit of 579096?
6
What is the hundred thousands digit of 12158504?
1
What is the hundreds digit of 4230022?
0
What is the thousands digit of 4216376?
6
What is the hundreds digit of 1719716?
7
What is the hundred thousands digit of 1419659?
4
What is the units digit of 793777?
7
What is the millions digit of 2273625?
2
What is the ten millions digit of 33328456?
3
What is the units digit of 678342?
2
What is the thousands digit of 14595948?
5
What is the tens digit of 472345?
4
What is the tens digit of 4028372?
7
What is the units digit of 6585717?
7
What is the ten thousands digit of 371237?
7
What is the ten millions digit of 12782830?
1
What is the hundreds digit of 277631?
6
What is the tens digit of 237405?
0
What is the ten thousands digit of 1526844?
2
What is the hundreds digit of 220124?
1
What is the units digit of 429965?
5
What is the ten millions digit of 31405711?
3
What is the hundred thousands digit of 925540?
9
What is the hundreds digit of 13828508?
5
What is the units digit of 2515353?
3
What is the hundreds digit of 5398091?
0
What is the ten thousands digit of 666207?
6
What is the ten thousands digit of 3863065?
6
What is the hundred thousands digit of 5003995?
0
What is the ten thousands digit of 169777?
6
What is the hundreds digit of 1921161?
1
What is the millions digit of 9719433?
9
What is the ten thousands digit of 28722?
2
What is the hundreds digit of 25195061?
0
What is the hundreds digit of 150188?
1
What is the units digit of 1465488?
8
What is the millions digit of 6823283?
6
What is the thousands digit of 41845?
1
What is the units digit of 24940753?
3
What is the units digit of 143580?
0
What is the ten thousands digit of 1216700?
1
What is the hundred thousands digit of 214555?
2
What is the hundred thousands digit of 169684?
1
What is the hundreds digit of 50270?
2
What is the millions digit of 6221884?
6
What is the hundreds digit of 313922?
9
What is the units digit of 3013606?
6
What is the ten thousands digit of 1070885?
7
What is the hundreds digit of 617398?
3
What is the tens digit of 3899174?
7
What is the hundred thousands digit of 1453815?
4
What is the units digit of 120152?
2
What is the tens digit of 2294084?
8
What is the tens digit of 47065?
6
What is the units digit of 195922?
2
What is the units digit of 50608?
8
What is the units digit of 1972754?
4
What is the millions digit of 8681994?
8
What is the thousands digit of 7233325?
3
What is the ten thousands digit of 561261?
6
What is the units digit of 559444?
4
What is the hundred thousands digit of 31726687?
7
What is the tens digit of 4818301?
0
What is the ten thousands digit of 1191532?
9
What is the units digit of 559289?
9
What is the thousands digit of 4634546?
4
What is the thousands digit of 240482?
0
What is the thousands digit of 294644?
4
What is the hundreds digit of 10849176?
1
What is the ten thousands digit of 1680793?
8
What is the units digit of 14063094?
4
What is the units digit of 9489?
9
What is the hundreds digit of 36637650?
6
What is the tens digit of 313816?
1
What is the hundreds digit of 729839?
8
What is the hundred thousands digit of 974658?
9
What is the tens digit of 5399908?
0
What is the thousands digit of 60936?
0
What is the tens digit of 464743?
4
What is the tens digit of 546079?
7
What is the thousands digit of 271534?
1
What is the units digit of 849594?
4
What is the units digit of 167547?
7
What is the hundred thousands digit of 434282?
4
What is the ten thousands digit of 2566483?
6
What is the tens digit of 4062360?
6
What is the thousands digit of 341486?
1
What is the ten thousands digit of 27412306?
1
What is the ten thousands digit of 29418196?
1
What is the hundreds digit of 188354?
3
What is the ten thousands digit of 1471350?
7
What is the tens digit of 199494?
9
What is the thousands digit of 11650742?
0
What is the tens digit of 3586?
8
What is the units digit of 268378?
8
What is the hundreds digit of 35878849?
8
What is the units digit of 18648?
8
What is the hundreds digit of 178278?
2
What is the hundreds digit of 8073930?
9
What is the hundreds digit of 1027?
0
What is the tens digit of 729355?
5
What is the tens digit of 20255?
5
What is the hundreds digit of 415880?
8
What is the hundreds digit of 24845?
8
What is the tens digit of 8198308?
0
What is the hundreds digit of 2178342?
3
What is the ten thousands digit of 685804?
8
What is the tens digit of 21063168?
6
What is the hundred thousands digit of 490383?
4
What is the hundred thousands digit of 205105?
2
What is the hundreds digit of 37525?
5
What is the hundreds digit of 544635?
6
What is the hundreds digit of 7840?
8
What is the ten thousands digit of 2508799?
0
What is the thousands digit of 4720967?
0
What is the hundreds digit of 4391023?
0
What is the tens digit of 9212907?
0
What is the units digit of 17119747?
7
What is the millions digit of 3241669?
3
What is the hundreds digit of 2035846?
8
What is the units digit of 1788015?
5
What is the tens digit of 6654297?
9
What is the thousands digit of 890259?
0
What is the tens digit of 331568?
6
What is the millions digit of 4641715?
4
What is the tens digit of 3556947?
4
What is the millions digit of 2047772?
2
What is the ten thousands digit of 11299180?
9
What is the hundreds digit of 12876078?
0
What is the tens digit of 126475?
7
What is the units digit of 170811?
1
What is the tens digit of 160944?
4
What is the ten thousands digit of 167215?
6
What is the units digit of 907891?
1
What is the ten thousands digit of 43959158?
5
What is the thousands digit of 14042338?
2
What is the units digit of 20388974?
4
What is the millions digit of 9742925?
9
What is the tens digit of 733?
3
What is the hundred thousands digit of 9523330?
5
What is the hundreds digit of 14788829?
8
What is the tens digit of 190671?
7
What is the thousands digit of 1755351?
5
What is the units digit of 363052?
2
What is the units digit of 498159?
9
What is the millions digit of 19935528?
9
What is the thousands digit of 486919?
6
What is the millions digit of 9797070?
9
What is the thousands digit of 2786379?
6
What is the hundreds digit of 1595346?
3
What is the hundred thousands digit of 1833886?
8
What is the tens digit of 239542?
4
What is the units digit of 4912715?
5
What is the units digit of 767825?
5
What is the units digit of 28842454?
4
What is the millions digit of 26936025?
6
What is the thousands digit of 1119747?
9
What is the hundred thousands digit of 593934?
5
What is the units digit of 45298?
8
What is the thousands digit of 2604?
2
What is the thousands digit of 2495497?
5
What is the tens digit of 4344247?
4
What is the units digit of 1977391?
1
What is the tens digit of 186393?
9
What is the tens digit of 178866?
6
What is the ten thousands digit of 25206435?
0
What is the hundreds digit of 187350?
3
What is the hundreds digit of 6489335?
3
What is the hundreds digit of 1067274?
2
What is the thousands digit of 457590?
7
What is the millions digit of 32493562?
2
What is the thousands digit of 349002?
9
What is the ten thousands digit of 58547?
5
What is the millions digit of 6366327?
6
What is the ten thousands digit of 465651?
6
What is the tens digit of 580772?
7
What is the units digit of 1474025?
5
What is the hundreds digit of 4065122?
1
What is the millions digit of 9330344?
9
What is the units digit of 138830?
0
What is the tens digit of 16438344?
4
What is the hundreds digit of 722341?
3
What is the hundreds digit of 1189239?
2
What is the units digit of 129568?
8
What is the hundred thousands digit of 231938?
2
What is the hundred thousands digit of 387247?
3
What is the thousands digit of 239886?
9
What is the hundreds digit of 923380?
3
What is the tens digit of 67227?
2
What is the hundreds digit of 7503?
5
What is the thousands digit of 56347?
6
What is the ten thousands digit of 1916727?
1
What is the thousands digit of 188739?
8
What is the tens digit of 34618?
1
What is the tens digit of 244003?
0
What is the hundreds digit of 293547?
